{"id":341,"date":"2020-11-11T21:46:43","date_gmt":"2020-11-11T20:46:43","guid":{"rendered":"https:\/\/www.phd-eep.com\/?page_id=341"},"modified":"2021-02-27T08:25:52","modified_gmt":"2021-02-27T07:25:52","slug":"trombinoscope","status":"publish","type":"page","link":"https:\/\/www.phd-eep.com\/?page_id=341","title":{"rendered":"Trombinoscope"},"content":{"rendered":"\n<p class=\"has-text-align-center\" style=\"font-size:46px\"><strong>Nos membres<\/strong><\/p>\n\n\n\n<p class=\"has-text-align-center has-large-font-size\">Nos doctorants et postdoctorants travaillent autour de trois grandes th\u00e9matiques qui se rejoignent: l\u2019Evolution, l\u2019Ecologie et le Pal\u00e9ontologie.<\/p>\n\n\n\n<p class=\"has-text-align-center has-larger-font-size\"><strong>Equipe Evolution<\/strong>,<strong>&nbsp;Ecologie<\/strong><\/p>\n\n\n\n<div class=\"wp-block-group alignwide\"><div class=\"wp-block-group__inner-container\">\n<div class=\"wp-block-columns alignwide\">\n<div class=\"wp-block-column\">\n<figure class=\"wp-block-image size-large is-resized is-style-rounded\"><a href=\"https:\/\/www.phd-eep.com\/?page_id=292\"><img loading=\"lazy\" src=\"https:\/\/www.phd-eep.com\/wp-content\/uploads\/2020\/11\/telechargement-edited-35.jpg\" alt=\"\" class=\"wp-image-345\" width=\"220\" height=\"150\"\/><\/a><\/figure>\n\n\n\n<div class=\"wp-block-buttons aligncenter\">\n<div class=\"wp-block-button is-style-outline\"><a class=\"wp-block-button__link has-accent-color has-text-color\" href=\"https:\/\/www.phd-eep.com\/?page_id=292\" style=\"border-radius:50px\" target=\"_blank\" rel=\"noreferrer noopener\">Flavia Pavan, doctorante<\/a><\/div>\n<\/div>\n<\/div>\n\n\n\n<div class=\"wp-block-column\">\n<div class=\"wp-block-image is-style-rounded\"><figure class=\"aligncenter size-full is-resized\"><a href=\"https:\/\/www.phd-eep.com\/?page_id=367\"><img loading=\"lazy\" src=\"https:\/\/www.phd-eep.com\/wp-content\/uploads\/2020\/11\/Photo-edited.jpg\" alt=\"\" class=\"wp-image-392\" width=\"220\" height=\"150\"\/><\/a><\/figure><\/div>\n\n\n\n<div class=\"wp-block-buttons aligncenter\">\n<div class=\"wp-block-button is-style-outline\"><a class=\"wp-block-button__link has-accent-color has-text-color\" href=\"https:\/\/www.phd-eep.com\/?page_id=367\" style=\"border-radius:50px\" target=\"_blank\" rel=\"noreferrer noopener\">EMILIE TEZENAS, doctorante<\/a><\/div>\n<\/div>\n<\/div>\n\n\n\n<div class=\"wp-block-column is-vertically-aligned-bottom\">\n<div class=\"wp-block-image is-style-rounded\"><figure class=\"aligncenter size-medium is-resized\"><a href=\"https:\/\/www.phd-eep.com\/?page_id=402\"><img loading=\"lazy\" src=\"https:\/\/www.phd-eep.com\/wp-content\/uploads\/2020\/12\/photos-francois-1-edited-3.jpg\" alt=\"\" class=\"wp-image-420\" width=\"220\" height=\"150\"\/><\/a><\/figure><\/div>\n\n\n\n<div class=\"wp-block-buttons\">\n<div class=\"wp-block-button is-style-outline\"><a class=\"wp-block-button__link\" style=\"border-radius:50px\" target=\"_blank\" rel=\"https:\/\/www.phd-eep.com\/?page_id=402 noopener noreferrer\">Fran\u00e7ois Monnet, doctorant<\/a><\/div>\n<\/div>\n<\/div>\n\n\n\n<div class=\"wp-block-column\">\n<figure class=\"wp-block-image size-large is-resized is-style-rounded\"><a href=\"https:\/\/www.phd-eep.com\/?page_id=196\"><img loading=\"lazy\" src=\"https:\/\/www.phd-eep.com\/wp-content\/uploads\/2020\/11\/zoe-edited-2.jpg\" alt=\"\" class=\"wp-image-347\" width=\"220\" height=\"150\"\/><\/a><\/figure>\n\n\n\n<div class=\"wp-block-buttons aligncenter\">\n<div class=\"wp-block-button is-style-outline\"><a class=\"wp-block-button__link has-accent-color has-text-color\" href=\"https:\/\/www.phd-eep.com\/?page_id=196\" style=\"border-radius:50px\" target=\"_blank\" rel=\"https:\/\/www.phd-eep.com\/?page_id=196 noopener noreferrer\">Zo\u00e9 postel, doctorante<\/a><\/div>\n<\/div>\n<\/div>\n<\/div>\n\n\n\n<div class=\"wp-block-columns alignwide\">\n<div class=\"wp-block-column\">\n<figure class=\"wp-block-image size-large is-resized is-style-rounded\"><a href=\"https:\/\/www.phd-eep.com\/?page_id=255\"><img loading=\"lazy\" src=\"https:\/\/www.phd-eep.com\/wp-content\/uploads\/2020\/11\/Claudia_IMG_5169_adjusted_small_II-1-edited-2.jpg\" alt=\"\" class=\"wp-image-350\" width=\"220\" height=\"150\"\/><\/a><\/figure>\n\n\n\n<div class=\"wp-block-buttons aligncenter\">\n<div class=\"wp-block-button is-style-outline\"><a class=\"wp-block-button__link has-accent-color has-text-color\" href=\"https:\/\/www.phd-eep.com\/?page_id=255\" style=\"border-radius:50px\" target=\"_blank\" rel=\"noreferrer noopener\">Claudia Ortiz, doctorante<\/a><\/div>\n<\/div>\n<\/div>\n\n\n\n<div class=\"wp-block-column\">\n<figure class=\"wp-block-image size-large is-resized is-style-rounded\"><a href=\"https:\/\/www.phd-eep.com\/?page_id=133\"><img loading=\"lazy\" src=\"https:\/\/www.phd-eep.com\/wp-content\/uploads\/2020\/11\/IMG_9313-1-edited-2.jpg\" alt=\"\" class=\"wp-image-351\" width=\"220\" height=\"150\"\/><\/a><\/figure>\n\n\n\n<div class=\"wp-block-buttons aligncenter\">\n<div class=\"wp-block-button is-style-outline\"><a class=\"wp-block-button__link has-accent-color has-text-color\" href=\"https:\/\/www.phd-eep.com\/?page_id=133\" style=\"border-radius:50px\" target=\"_blank\" rel=\"noreferrer noopener\">AUDREY LE VEVE, doctorante<\/a><\/div>\n<\/div>\n<\/div>\n\n\n\n<div class=\"wp-block-column\">\n<figure class=\"wp-block-image size-large is-resized is-style-rounded\"><img loading=\"lazy\" src=\"https:\/\/www.phd-eep.com\/wp-content\/uploads\/2020\/11\/telechargement-edited-35.jpg\" alt=\"\" class=\"wp-image-345\" width=\"220\" height=\"150\"\/><\/figure>\n\n\n\n<div class=\"wp-block-buttons aligncenter\">\n<div class=\"wp-block-button is-style-outline\"><a class=\"wp-block-button__link has-accent-color has-text-color\" style=\"border-radius:50px\"><strong>AGATHE LEVEQUE<\/strong>, DOCTORANTE<\/a><\/div>\n<\/div>\n<\/div>\n\n\n\n<div class=\"wp-block-column\">\n<figure class=\"wp-block-image size-large is-resized is-style-rounded\"><img loading=\"lazy\" src=\"https:\/\/www.phd-eep.com\/wp-content\/uploads\/2020\/11\/telechargement-edited-36.jpg\" alt=\"\" class=\"wp-image-349\" width=\"220\" height=\"150\"\/><\/figure>\n\n\n\n<div class=\"wp-block-buttons aligncenter\">\n<div class=\"wp-block-button is-style-outline\"><a class=\"wp-block-button__link has-accent-color has-text-color\" style=\"border-radius:50px\" target=\"_blank\" rel=\"https:\/\/www.phd-eep.com\/?page_id=196 noopener noreferrer\">Rita batista, postdoctorante<\/a><\/div>\n<\/div>\n<\/div>\n<\/div>\n\n\n\n<div class=\"wp-block-columns alignwide\">\n<div class=\"wp-block-column\">\n<figure class=\"wp-block-image size-large is-resized is-style-rounded\"><img loading=\"lazy\" src=\"https:\/\/www.phd-eep.com\/wp-content\/uploads\/2020\/11\/telechargement-edited-35.jpg\" alt=\"\" class=\"wp-image-345\" width=\"220\" height=\"150\"\/><\/figure>\n\n\n\n<div class=\"wp-block-buttons aligncenter\">\n<div class=\"wp-block-button is-style-outline\"><a class=\"wp-block-button__link has-accent-color has-text-color\" style=\"border-radius:50px\"><strong>Maxime <strong>DUBART<\/strong><\/strong>, postdoctorant<\/a><\/div>\n<\/div>\n\n\n\n<p><\/p>\n<\/div>\n\n\n\n<div class=\"wp-block-column\">\n<figure class=\"wp-block-image size-large is-resized is-style-rounded\"><img loading=\"lazy\" src=\"https:\/\/www.phd-eep.com\/wp-content\/uploads\/2020\/11\/telechargement-edited-35.jpg\" alt=\"\" class=\"wp-image-345\" width=\"220\" height=\"150\"\/><\/figure>\n\n\n\n<div class=\"wp-block-buttons aligncenter\">\n<div class=\"wp-block-button is-style-outline\"><a class=\"wp-block-button__link has-accent-color has-text-color\" style=\"border-radius:50px\"><strong>FANTIN CARPENTIER, POSTDOCTORANT<\/strong><\/a><\/div>\n<\/div>\n<\/div>\n\n\n\n<div class=\"wp-block-column\">\n<figure class=\"wp-block-image size-large is-resized is-style-rounded\"><img loading=\"lazy\" src=\"https:\/\/www.phd-eep.com\/wp-content\/uploads\/2020\/11\/telechargement-edited-35.jpg\" alt=\"\" class=\"wp-image-345\" width=\"220\" height=\"150\"\/><\/figure>\n\n\n\n<div class=\"wp-block-buttons aligncenter\">\n<div class=\"wp-block-button is-style-outline\"><a class=\"wp-block-button__link has-accent-color has-text-color\" style=\"border-radius:50px\"><strong><strong>MAGHSOUD<\/strong><\/strong> <strong><strong>Pazhouhandeh <\/strong><\/strong>, postdoctorant<\/a><\/div>\n<\/div>\n<\/div>\n\n\n\n<div class=\"wp-block-column\">\n<figure class=\"wp-block-image size-large is-resized is-style-rounded\"><img loading=\"lazy\" src=\"https:\/\/www.phd-eep.com\/wp-content\/uploads\/2020\/11\/telechargement-edited-35.jpg\" alt=\"\" class=\"wp-image-345\" width=\"220\" height=\"150\"\/><\/figure>\n\n\n\n<div class=\"wp-block-buttons aligncenter\">\n<div class=\"wp-block-button is-style-outline\"><a class=\"wp-block-button__link has-accent-color has-text-color\" style=\"border-radius:50px\">ANA CATARINA, POSTDOCTORANTE<\/a><\/div>\n<\/div>\n<\/div>\n<\/div>\n<\/div><\/div>\n\n\n\n<p class=\"has-text-align-center has-larger-font-size\"><strong><strong>Equipe Pal\u00e9ontologie<\/strong><\/strong><\/p>\n\n\n\n<div class=\"wp-block-group alignwide\"><div class=\"wp-block-group__inner-container\">\n<div class=\"wp-block-columns alignwide\">\n<div class=\"wp-block-column\">\n<figure class=\"wp-block-image size-large is-resized is-style-rounded\"><img loading=\"lazy\" src=\"https:\/\/www.phd-eep.com\/wp-content\/uploads\/2020\/11\/telechargement-edited-35.jpg\" alt=\"\" class=\"wp-image-345\" width=\"220\" height=\"150\"\/><\/figure>\n\n\n\n<div class=\"wp-block-buttons aligncenter\">\n<div class=\"wp-block-button is-style-outline\"><a class=\"wp-block-button__link has-accent-color has-text-color\" style=\"border-radius:50px\"><strong>VALENTIN<\/strong> <strong>Bault<\/strong>, doctorant<\/a><\/div>\n<\/div>\n<\/div>\n\n\n\n<div class=\"wp-block-column\">\n<figure class=\"wp-block-image size-large is-resized is-style-rounded\"><img loading=\"lazy\" src=\"https:\/\/www.phd-eep.com\/wp-content\/uploads\/2020\/11\/telechargement-edited-35.jpg\" alt=\"\" class=\"wp-image-345\" width=\"220\" height=\"150\"\/><\/figure>\n\n\n\n<div class=\"wp-block-buttons aligncenter\">\n<div class=\"wp-block-button is-style-outline\"><a class=\"wp-block-button__link has-accent-color has-text-color\" style=\"border-radius:50px\"><strong><strong>ELIOTT<\/strong><\/strong> <strong>Capel<\/strong>, doctorant<\/a><\/div>\n<\/div>\n<\/div>\n\n\n\n<div class=\"wp-block-column\">\n<figure class=\"wp-block-image size-large is-resized is-style-rounded\"><img loading=\"lazy\" src=\"https:\/\/www.phd-eep.com\/wp-content\/uploads\/2020\/11\/telechargement-edited-35.jpg\" alt=\"\" class=\"wp-image-345\" width=\"220\" height=\"150\"\/><\/figure>\n\n\n\n<div class=\"wp-block-buttons aligncenter\">\n<div class=\"wp-block-button is-style-outline\"><a class=\"wp-block-button__link has-accent-color has-text-color\" style=\"border-radius:50px\">Mathias meunier, doctorant<\/a><\/div>\n<\/div>\n<\/div>\n\n\n\n<div class=\"wp-block-column\">\n<figure class=\"wp-block-image size-large is-resized is-style-rounded\"><img loading=\"lazy\" src=\"https:\/\/www.phd-eep.com\/wp-content\/uploads\/2020\/11\/telechargement-edited-37.jpg\" alt=\"\" class=\"wp-image-355\" width=\"220\" height=\"150\"\/><\/figure>\n\n\n\n<div class=\"wp-block-buttons aligncenter\">\n<div class=\"wp-block-button is-style-outline\"><a class=\"wp-block-button__link has-accent-color has-text-color\" style=\"border-radius:50px\">v\u00e9ronica <strong>Carlsson<\/strong>, doctorante<\/a><\/div>\n<\/div>\n<\/div>\n<\/div>\n\n\n\n<div class=\"wp-block-columns alignwide\">\n<div class=\"wp-block-column\">\n<figure class=\"wp-block-image size-large is-resized is-style-rounded\"><img loading=\"lazy\" src=\"https:\/\/www.phd-eep.com\/wp-content\/uploads\/2020\/11\/telechargement-edited-39.jpg\" alt=\"\" class=\"wp-image-357\" width=\"220\" height=\"150\"\/><\/figure>\n\n\n\n<div class=\"wp-block-buttons aligncenter\">\n<div class=\"wp-block-button is-style-outline\"><a class=\"wp-block-button__link has-accent-color has-text-color\" href=\"https:\/\/www.phd-eep.com\/?page_id=255\" style=\"border-radius:50px\">david <strong>Andrade<\/strong>, doctorant<\/a><\/div>\n<\/div>\n<\/div>\n\n\n\n<div class=\"wp-block-column\">\n<figure class=\"wp-block-image size-large is-resized is-style-rounded\"><a href=\"https:\/\/www.phd-eep.com\/?page_id=133\"><img loading=\"lazy\" src=\"https:\/\/www.phd-eep.com\/wp-content\/uploads\/2020\/11\/telechargement-edited-38.jpg\" alt=\"\" class=\"wp-image-356\" width=\"220\" height=\"150\"\/><\/a><\/figure>\n\n\n\n<div class=\"wp-block-buttons aligncenter\">\n<div class=\"wp-block-button is-style-outline\"><a class=\"wp-block-button__link has-accent-color has-text-color\" style=\"border-radius:50px\">LAURA Vanuxem, doctorante<\/a><\/div>\n<\/div>\n<\/div>\n\n\n\n<div class=\"wp-block-column\">\n<figure class=\"wp-block-image size-large is-resized is-style-rounded\"><img loading=\"lazy\" src=\"https:\/\/www.phd-eep.com\/wp-content\/uploads\/2020\/11\/telechargement-edited-35.jpg\" alt=\"\" class=\"wp-image-345\" width=\"220\" height=\"150\"\/><\/figure>\n\n\n\n<div class=\"wp-block-buttons aligncenter\">\n<div class=\"wp-block-button is-style-outline\"><a class=\"wp-block-button__link has-accent-color has-text-color\" style=\"border-radius:50px\"><strong>VAHRAM<\/strong> <strong>Serobyan<\/strong>, postdoctorant<\/a><\/div>\n<\/div>\n<\/div>\n\n\n\n<div class=\"wp-block-column\">\n<figure class=\"wp-block-image size-large is-resized is-style-rounded\"><img loading=\"lazy\" src=\"https:\/\/www.phd-eep.com\/wp-content\/uploads\/2020\/11\/telechargement-edited-36.jpg\" alt=\"\" class=\"wp-image-349\" width=\"220\" height=\"150\"\/><\/figure>\n\n\n\n<div class=\"wp-block-buttons aligncenter\">\n<div class=\"wp-block-button is-style-outline\"><a class=\"wp-block-button__link has-accent-color has-text-color\" style=\"border-radius:50px\" target=\"_blank\" rel=\"https:\/\/www.phd-eep.com\/?page_id=196 noopener noreferrer\">L\u00e9a Devaere, postdoctorante<\/a><\/div>\n<\/div>\n<\/div>\n<\/div>\n\n\n\n<div class=\"wp-block-columns alignwide\">\n<div class=\"wp-block-column\">\n<figure class=\"wp-block-image size-large is-resized is-style-rounded\"><img loading=\"lazy\" src=\"https:\/\/www.phd-eep.com\/wp-content\/uploads\/2020\/11\/telechargement-edited-35.jpg\" alt=\"\" class=\"wp-image-345\" width=\"220\" height=\"150\"\/><\/figure>\n\n\n\n<div class=\"wp-block-buttons aligncenter\">\n<div class=\"wp-block-button is-style-outline\"><a class=\"wp-block-button__link has-accent-color has-text-color\" style=\"border-radius:50px\"><strong><strong>HOUCINE<\/strong><\/strong> <strong><strong>Benachour<\/strong>, doctorant<\/strong><\/a><\/div>\n<\/div>\n<\/div>\n\n\n\n<div class=\"wp-block-column\">\n<div class=\"wp-block-buttons aligncenter\"><\/div>\n<\/div>\n\n\n\n<div class=\"wp-block-column\">\n<div class=\"wp-block-buttons aligncenter\"><\/div>\n<\/div>\n\n\n\n<div class=\"wp-block-column\"><\/div>\n<\/div>\n<\/div><\/div>\n\n\n\n<p class=\"has-text-align-center has-larger-font-size\"><strong>Nos anciens<\/strong><\/p>\n\n\n\n<div class=\"wp-block-group alignwide\"><div class=\"wp-block-group__inner-container\">\n<div class=\"wp-block-columns alignwide\">\n<div class=\"wp-block-column\">\n<figure class=\"wp-block-image size-large is-resized is-style-rounded\"><img loading=\"lazy\" src=\"https:\/\/www.phd-eep.com\/wp-content\/uploads\/2020\/11\/moi-4-edited-1.jpg\" alt=\"\" class=\"wp-image-360\" width=\"220\" height=\"150\"\/><\/figure>\n\n\n\n<div class=\"wp-block-buttons aligncenter\">\n<div class=\"wp-block-button is-style-outline\"><a class=\"wp-block-button__link has-accent-color has-text-color\" href=\"https:\/\/www.phd-eep.com\/?page_id=183\" style=\"border-radius:50px\" target=\"_blank\" rel=\"noreferrer noopener\">B\u00e9n\u00e9dicte felter, doctorante \u00e9cologie<\/a><\/div>\n<\/div>\n<\/div>\n\n\n\n<div class=\"wp-block-column\">\n<figure class=\"wp-block-image size-large is-resized is-style-rounded\"><a href=\"https:\/\/www.phd-eep.com\/?page_id=291\"><img loading=\"lazy\" src=\"https:\/\/www.phd-eep.com\/wp-content\/uploads\/2020\/11\/Essai2-1-edited.jpeg\" alt=\"\" class=\"wp-image-400\" width=\"220\" height=\"150\"\/><\/a><\/figure>\n\n\n\n<div class=\"wp-block-buttons aligncenter\">\n<div class=\"wp-block-button is-style-outline\"><a class=\"wp-block-button__link has-accent-color has-text-color\" href=\"https:\/\/www.phd-eep.com\/?page_id=291\" style=\"border-radius:50px\" target=\"_blank\" rel=\"noreferrer noopener\"><strong><strong>Estelle Barbo<\/strong>t<\/strong>, doctorante \u00e9volution<\/a><\/div>\n<\/div>\n<\/div>\n\n\n\n<div class=\"wp-block-column\">\n<figure class=\"wp-block-image size-large is-resized is-style-rounded\"><img loading=\"lazy\" src=\"https:\/\/www.phd-eep.com\/wp-content\/uploads\/2020\/11\/telechargement-edited-35.jpg\" alt=\"\" class=\"wp-image-345\" width=\"220\" height=\"150\"\/><\/figure>\n\n\n\n<div class=\"wp-block-buttons aligncenter\">\n<div class=\"wp-block-button is-style-outline\"><a class=\"wp-block-button__link has-accent-color has-text-color\" style=\"border-radius:50px\"><strong>Lesaffre Thomas<\/strong>, doctorant<br>\u00e9volution<\/a><\/div>\n<\/div>\n<\/div>\n\n\n\n<div class=\"wp-block-column\">\n<figure class=\"wp-block-image size-large is-resized is-style-rounded\"><img loading=\"lazy\" src=\"https:\/\/www.phd-eep.com\/wp-content\/uploads\/2020\/11\/telechargement-edited-37.jpg\" alt=\"\" class=\"wp-image-355\" width=\"220\" height=\"150\"\/><\/figure>\n\n\n\n<div class=\"wp-block-buttons aligncenter\">\n<div class=\"wp-block-button is-style-outline\"><a class=\"wp-block-button__link has-accent-color has-text-color\" style=\"border-radius:50px\"><strong>Carre Am\u00e9lie<\/strong>, doctorante<br>\u00e9volution<\/a><\/div>\n<\/div>\n<\/div>\n<\/div>\n<\/div><\/div>\n","protected":false},"excerpt":{"rendered":"<p>Nos membres Nos doctorants et postdoctorants travaillent autour de trois grandes th\u00e9matiques qui se rejoignent: l\u2019Evolution, l\u2019Ecologie et le Pal\u00e9ontologie. Equipe Evolution,&nbsp;Ecologie Equipe Pal\u00e9ontologie Nos anciens<\/p>\n","protected":false},"author":1,"featured_media":17,"parent":0,"menu_order":0,"comment_status":"closed","ping_status":"closed","template":"","meta":[],"_links":{"self":[{"href":"https:\/\/www.phd-eep.com\/index.php?rest_route=\/wp\/v2\/pages\/341"}],"collection":[{"href":"https:\/\/www.phd-eep.com\/index.php?rest_route=\/wp\/v2\/pages"}],"about":[{"href":"https:\/\/www.phd-eep.com\/index.php?rest_route=\/wp\/v2\/types\/page"}],"author":[{"embeddable":true,"href":"https:\/\/www.phd-eep.com\/index.php?rest_route=\/wp\/v2\/users\/1"}],"replies":[{"embeddable":true,"href":"https:\/\/www.phd-eep.com\/index.php?rest_route=%2Fwp%2Fv2%2Fcomments&post=341"}],"version-history":[{"count":23,"href":"https:\/\/www.phd-eep.com\/index.php?rest_route=\/wp\/v2\/pages\/341\/revisions"}],"predecessor-version":[{"id":432,"href":"https:\/\/www.phd-eep.com\/index.php?rest_route=\/wp\/v2\/pages\/341\/revisions\/432"}],"wp:featuredmedia":[{"embeddable":true,"href":"https:\/\/www.phd-eep.com\/index.php?rest_route=\/wp\/v2\/media\/17"}],"wp:attachment":[{"href":"https:\/\/www.phd-eep.com\/index.php?rest_route=%2Fwp%2Fv2%2Fmedia&parent=341"}],"curies":[{"name":"wp","href":"https:\/\/api.w.org\/{rel}","templated":true}]}}